ivisor of 10543 and 351?
13
What is the greatest common factor of 719784 and 6552?
936
Calculate the highest common divisor of 82364 and 649.
59
Calculate the greatest common divisor of 196178 and 188.
94
Calculate the highest common factor of 1854 and 338664.
618
Calculate the highest common factor of 414262 and 86.
86
Calculate the highest common divisor of 25 and 142775.
25
What is the greatest common factor of 1489 and 1475599?
1489
What is the highest common divisor of 726609 and 39?
39
What is the greatest common divisor of 153553 and 172?
43
Calculate the greatest common divisor of 936 and 4073472.
936
Calculate the greatest common divisor of 567 and 550719.
81
What is the highest common divisor of 528 and 3228?
12
What is the highest common divisor of 10608 and 4216?
136
What is the greatest common factor of 1222 and 806?
26
Calculate the greatest common divisor of 2362385 and 10.
5
Calculate the greatest common divisor of 15 and 2779490.
5
What is the highest common divisor of 987757 and 1149?
383
Calculate the highest common factor of 2262 and 16692.
78
What is the highest common factor of 13760 and 66560?
320
What is the greatest common divisor of 564 and 9301300?
188
What is the greatest common factor of 43680 and 637?
91
What is the greatest common factor of 90 and 4390?
10
What is the greatest common divisor of 38 and 446956?
38
What is the greatest common factor of 159810 and 315?
105
What is the greatest common factor of 10336 and 340?
68
Calculate the greatest common divisor of 307840 and 176.
16
Calculate the highest common factor of 49810 and 6885.
85
Calculate the highest common factor of 9869 and 781.
71
Calculate the greatest common divisor of 1014 and 338416.
26
Calculate the highest common divisor of 10868728 and 104.
104
Calculate the greatest common divisor of 81500 and 326.
326
Calculate the highest common factor of 12 and 106809.
3
What is the greatest common divisor of 46563 and 663?
51
Calculate the greatest common factor of 416 and 144508.
52
Calculate the highest common factor of 4053622 and 62.
62
What is the highest common factor of 1 and 184296?
1
Calculate the greatest common factor of 56805 and 4095.
105
Calculate the greatest common factor of 820 and 376790.
410
Calculate the highest common factor of 171 and 42792.
3
Calculate the highest common factor of 804271 and 169.
169
Calculate the highest common factor of 6746184 and 15480.
3096
What is the greatest common factor of 21 and 771219?
3
What is the highest common factor of 50505 and 1665?
555
Calculate the highest common divisor of 1412 and 11226812.
1412
Calculate the highest common factor of 16 and 2101960.
8
Calculate the greatest common factor of 40 and 33460.
20
Calculate the greatest common factor of 1391 and 10807.
107
Calculate the greatest common divisor of 172 and 32078.
86
Calculate the greatest common divisor of 32592 and 6048.
336
Calculate the greatest common factor of 70 and 1183210.
70
What is the greatest common factor of 7489439 and 89?
89
What is the greatest common divisor of 160 and 195456?
32
What is the highest common divisor of 185 and 1975?
5
What is the highest common divisor of 9810 and 220180?
1090
Calculate the greatest common factor of 646827 and 1506.
753
What is the highest common divisor of 29100 and 189732?
1164
What is the greatest common factor of 147 and 8631?
21
What is the highest common factor of 520008 and 2820?
564
Calculate the highest common factor of 1190 and 3910.
170
What is the highest common factor of 22 and 7587514?
22
What is the highest common divisor of 8671 and 22997?
377
What is the highest common divisor of 18761 and 514?
257
What is the greatest common factor of 144431 and 11515?
329
Calculate the greatest common divisor of 5616 and 5408.
208
What is the greatest common factor of 287 and 3109973?
41
What is the greatest common divisor of 187089 and 708?
177
Calculate the highest common divisor of 9450 and 1512.
378
Calculate the highest common divisor of 18700 and 500.
100
Calculate the highest common divisor of 275 and 6314495.
55
What is the greatest common divisor of 6468 and 739893?
231
What is the highest common factor of 32 and 149216?
32
Calculate the highest common divisor of 828 and 1400355.
207
What is the greatest common divisor of 9441 and 27?
9
What is the greatest common factor of 307186 and 132?
22
What is the highest common divisor of 252 and 78092?
28
Calculate the greatest common factor of 1946 and 70.
14
Calculate the greatest common factor of 4824 and 670.
134
Calculate the highest common divisor of 99 and 9279.
9
Calculate the greatest common divisor of 52204 and 8804.
124
What is the highest common divisor of 451 and 17753?
41
Calculate the highest common factor of 86394 and 1722.
42
What is the greatest common factor of 110897 and 6751?
43
Calculate the greatest common factor of 444946 and 2274.
758
Calculate the greatest common factor of 48 and 1015408.
16
Calculate the greatest common divisor of 278370 and 108.
54
Calculate the highest common factor of 99 and 805365.
99
What is the highest common factor of 3888 and 5940?
108
Calculate the greatest common factor of 1345197 and 42.
21
What is the greatest common divisor of 16467 and 5214?
33
What is the highest common factor of 5904 and 2082?
6
Calculate the greatest common factor of 1890119 and 154.
77
What is the highest common divisor of 32540 and 2710?
10
Calculate the highest common factor of 55699 and 6059.
73
Calculate the highest common divisor of 4671 and 378524.
173
What is the highest common divisor of 4280 and 180?
20
What is the greatest common factor of 5616 and 30105?
27
Calculate the greatest common factor of 16 and 27976.
8
Calculate the highest common divisor of 464 and 328628.
116
What is the greatest common factor of 2252 and 869835?
563
What is the highest common factor of 93143 and 1?
1
What is the greatest common divisor of 399 and 8337?
21
What is the greatest common divisor of 501 and 1407643?
167
Calculate the greatest common factor of 979 and 103290.
11
What is the highest common divisor of 39741 and 117?
39
Calculate the greatest common divisor of 102 and 59534.
34
Calculate the greatest common divisor of 1534 and 208.
26
Calculate the greatest common factor of 11144 and 1400.
56
What is the highest common factor of 6922 and 438?
2
Calculate the highest common divisor of 375081 and 106.
53
Calculate the greatest common divisor of 381213 and 567.
189
Calculate the highest common divisor of 11008 and 989.
43
What is the greatest common factor of 9079 and 924761?
1297
Calculate the greatest common factor of 588 and 135954.
42
Calculate the greatest common divisor of 124 and 15488.
4
Calculate the highest common divisor of 18361 and 9632.
301
Calculate the greatest common factor of 1571850 and 42.
42
What is the greatest common divisor of 4395 and 3225?
15
What is the highest common factor of 252918 and 18?
18
What is the highest common factor of 39 and 21723?
39
What is the greatest common divisor of 3762 and 16758?
342
Calculate the greatest common divisor of 8947 and 33843.
389
Calculate the greatest common factor of 543 and 1629543.
543
What is the greatest common factor of 134 and 30418?
134
Calculate the highest common divisor of 12065 and 475.
95
What is the highest common factor of 52 and 95537?
13
What is the greatest common factor of 8856 and 20?
4
Calculate the greatest common factor of 213 and 541659.
213
What is the greatest common divisor of 2277044 and 308?
308
What is the highest common divisor of 7682 and 36907?
167
Calculate the greatest common factor of 59424 and 3095.
619
Calculate the greatest common factor of 115 and 831335.
115
What is the greatest common factor of 40 and 626840?
40
What is the highest common divisor of 4457970 and 220?
110
What is the highest common divisor of 13 and 33436?
13
Calculate the highest common factor of 27386 and 2.
2
What is the highest common factor of 3438 and 1910?
382
Calculate the highest common factor of 209798 and 2128.
38
Calculate the greatest common divisor of 510 and 782.
34
What is the highest common divisor of 276 and 639906?
138
What is the highest common divisor of 76 and 66196?
76
What is the greatest common divisor of 1550 an